et h(a) be the third derivative of -a**5/20 + a**4/12 + a**3/3 - a**2. Give h(u).
-6
Let v(c) = -5*c**2 + 11*c - 1. Let f(g) = -4*g**2 + 12*g + 1. Let q(m) = 6*f(m) - 5*v(m). What is q(-17)?
11
Let c(k) = -k**3 + 4*k**2 - 3*k. Let s = -19 - -13. Let y(u) = 3*u + 2*u**3 - 4*u + 10 - 13 - 6*u**2 - 3*u**3. Let f be y(s). Calculate c(f).
0
Let n(d) be the first derivative of -d**4/4 - d**3 - 2*d**2 - d + 713. Calculate n(-3).
11
Let k(q) = -q - q - 6 + 1. Suppose -5*s - 38 = 2*t, -5*t - 174 = -2*s - 166. Determine k(s).
7
Suppose 0 = -8*o + 6*o + 194. Let h = -104 + o. Let r(w) be the first derivative of -w**3/3 - 9*w**2/2 - 6*w - 1. Determine r(h).
8
Let v(k) = 19*k**2 + 9*k - 1. Let f(s) = 2*s**2. Let n(r) = 9*f(r) - v(r). Determine n(-9).
1
Suppose 3*q - 30 = -5*a, -5*q + 37 = 5*a - a. Let r = a - 2. Let x be (r/(-1))/(-3)*9. Let n(t) = -t - 2. Give n(x).
-5
Suppose 4*d + 4*k - 4 = 0, d = -3*d + 3*k + 11. Let t be ((3 + 33)/2)/d - 1. Let b(w) = -w + 10. Give b(t).
2
Let t = -27 + 89. Let w = -14 + t. Let u be w/18 + 2/6. Let o(x) = -x**3 + 2*x**2 + 2*x - 3. Give o(u).
-6
Let w(x) = -x**3 - 8*x**2 + 6*x + 90. Let y be w(-7). Let i(f) = -6*f**3 - 4*f**2 - 4*f. What is i(y)?
6
Let t(z) = -z**3 + 4*z**2 + 3*z + 4. Let j be t(5). Let a be 4/j + (-2)/6. Let i(l) be the second derivative of -4*l**3/3 - l**2/2 - 327*l. Calculate i(a).
7
Let k = 53 + -49. Suppose -6 = -2*o - 0. Let w(r) = -9 + k*r + o + 6. Determine w(3).
12
Let r(n) = -5*n + 2. Let a(h) be the third derivative of h**4/24 - h**3/6 + 5*h**2. Let x(b) = -6*a(b) - 3*r(b). What is x(1)?
9
Let s(n) = -8*n**2 + 2*n + 2. Suppose 17 = -5*q - 12*q. Calculate s(q).
-8
Suppose 0 = -2*u + 4*z - 4, u + 4*u = 5*z - 5. Let i = -33 - -35. Let a(j) = 4 - i*j - 5 + 3*j. Give a(u).
-1
Let h(s) be the first derivative of s**4/4 + 8*s**3/3 - 5*s**2 - 3*s + 133. Calculate h(-9).
6
Let j(z) = -z**2 - 5*z - 8. Suppose 5*x = -y - 21, 6*x - 28 = 10*x - 2*y. What is j(x)?
-8
Suppose 0*t = -5*t - 15. Let p(o) = -4*o + 1 - 2*o**2 - 2 - 2. What is p(t)?
-9
Suppose 5*o + 3 = 18. Let q(y) be the third derivative of 2*y**2 + 1/24*y**4 + 0 + 0*y - 1/2*y**3. Calculate q(o).
0
Let b(v) = 69*v - 414. Let h be b(6). Let p(l) = -3*l + 14. Calculate p(h).
14
Let t(f) = f**2 - 2*f + 1. Suppose -a + 0*a = 3*l + 8, -16 = 4*l. Suppose 2*q + a*i = -8, -7*i - 20 = -3*q - 5*i. Suppose -11 = -q*p + 9. Calculate t(p).
16
Let n(l) = l**2 - 9*l + 7. Let g be n(8). Let a = g - -6. Let r(s) be the third derivative of s**5/60 - 5*s**4/24 + s**3/2 - s**2. What is r(a)?
3
Let x(b) = 5 - 2 - 3*b + b. Suppose -2*g + 5*t - 14 = 0, 2 = -3*g + 3*t - 1. Suppose 1 = -l + g*o, 25 = 3*l - 0*o + 5*o. What is x(l)?
-7
Suppose 3*r + 5*s - 9 + 1 = 0, 3*r - s = 2. Let t be 8/12 + 44/6. Let l(w) = 2 - t + 5 + 11*w**2 + w. Give l(r).
11
Let h = -13 - -7. Let k(s) = -s. Let q(p) = -p**2 - 3*p + 4. Let l = 70 + -68. Let g(c) = l*k(c) + q(c). Give g(h).
-2
Suppose 0 = 4*p - p - 5*f + 19, f = -4*p + 13. Let g(j) = 27*j**p - 28*j**2 - 8 - 7*j - 2*j. Let z = 7 - 14. Determine g(z).
6
Let y = 17 + -12. Let n(t) be the first derivative of -t**2/2 + 7*t + 19. Calculate n(y).
2
Let f(v) be the third derivative of -v**6/120 - 2*v**5/15 - 3*v**4/8 - 7*v**3/6 + 265*v**2. What is f(-6)?
-25
Let n(z) = z**2 + 1. Let a(f) be the third derivative of 4*f**2 + 1/6*f**3 + 0*f - 1/8*f**4 + 1/30*f**5 + 0. Let o be a(2). Give n(o).
10
Let n = 62 - 59. Suppose b - 10 = -4*b. Let s(m) = 4*m - 5*m - 3*m + m**b - 2. Determine s(n).
-5
Let o(z) be the second derivative of z**4/12 + 2*z**3/3 - 3*z**2 - 2*z. Let v = 17 + -15. Let m be v*1/(2/(-5)). Determine o(m).
-1
Let u(f) = -f**2 - 2*f**3 + 3*f**3 - 10*f + 11*f + 1. Let k(n) = 0 + 3 + 1 - n. Let v be k(4). Calculate u(v).
1
Let m(u) be the first derivative of -u**2/2 - 10*u + 1. Suppose 0*y - 3*v + 15 = 5*y, -2*y + 6 = -5*v. Suppose -y*t - 4*t = -3*t. Calculate m(t).
-10
Let h(x) = -11*x - 7. Let k(s) = -10*s - 6. Let j(r) = 5*h(r) - 6*k(r). Let b be (12/(-4) - -6)/1. Let g be b/4 + 16/64. Determine j(g).
6
Let y be 2/((-1)/((-1)/1)). Let f(m) = -m**3 - m**2. Suppose -7*v - 30 = -v. Let w(g) = 2*g**3 + 8*g**2 + g - 2. Let z(x) = v*f(x) - w(x). What is z(y)?
12
Let j(i) = -i**2 - i + 1. Let h(v) be the second derivative of -5*v**4/12 - v**3 + 2*v**2 - 24*v. Let m(y) = h(y) - 4*j(y). Give m(-3).
-3
Let f = 497 - 486. Let q(j) = 2*j - 16. Calculate q(f).
6
Let m(b) = 9*b + 11. Let q(a) = -14*a - 15. Let p(x) = 8*m(x) + 5*q(x). Calculate p(-10).
-7
Let q(l) = 2*l + 6. Let v(s) = -s - 3. Let m(k) = -2*q(k) - 3*v(k). Calculate m(6).
-9
Suppose 0*l + 5*l + 20 = 0. Let q(x) be the third derivative of 5*x**2 + 1/6*x**4 + 0*x + 1/60*x**5 + 0 + 1/6*x**3. Determine q(l).
1
Let k(c) = -8*c - 2. Let b be 4 + (44/(-55))/((-4)/(-10)). What is k(b)?
-18
Let h(d) be the third derivative of 1/60*d**5 + 0*d - 10*d**2 + 1/2*d**3 + 0 + 1/4*d**4. Calculate h(-4).
-5
Let l(o) = -o**2 + 20*o - 33. Let r be l(18). Let w(s) = -s**2 + 7*s - 7. Let c be w(r). Let f(n) = 5*n - 6. Calculate f(c).
19
Let k(x) = 1. Let v(a) = -a**2 + 5*a + 1. Let c(m) = k(m) - v(m). Let u be c(-1). Let d(i) = -i**3 + 6*i**2 - 2. Determine d(u).
-2
Let y(k) = -1 - k + 1 + 3 + 1. Let i = 2 + -2. What is y(i)?
4
Let h(x) = -17*x - 9. Let y be h(0). Let q(b) = -b**2 - 8*b - 6. Determine q(y).
-15
Let v = -17 - -19. Suppose l - 10 = -l + 5*d, 3*l = -v*d - 4. Let o(m) be the third derivative of m**5/60 - m**4/24 + 7*m**3/6 - 2*m**2. Calculate o(l).
7
Let b(c) = -6*c**2 + 2*c + 168*c**3 - 377*c**3 + 210*c**3 - 4. What is b(5)?
-19
Let o(m) be the second derivative of m**4/12 - m**3/2 + 5*m**2 - 22*m + 2. Determine o(4).
14
Let d = -21 - -23. Let q(g) = d*g + 5*g**2 - 2 - g**2 - g**2 + 0. What is q(-2)?
6
Let c(s) be the third derivative of -s**6/120 - s**5/12 + 2*s**3/3 + 540*s**2. What is c(-5)?
4
Let m(g) = -g**2 + g + 6. Let z(w) be the second derivative of w**3/6 - 5*w**2/2 - 6*w. Let i be z(10). Determine m(i).
-14
Let w(i) = -i**3 - 9*i**2 - 7*i + 8. Let v be -8 - -4*(-2)/(-4). Let p(h) = h**3 + 6*h**2 + 2*h + 4. Let l be p(v). Determine w(l).
0
Let c(o) = -7*o + 231. Let r be c(32). Let p(y) = -y + 13. Let j(d) = 1. Let s(l) = -6*j(l) + p(l). What is s(r)?
0
Let l(m) be the third derivative of -m**6/360 - m**5/60 - m**4/24 + 5*m**3/3 - 4*m**2. Let x(i) be the first derivative of l(i). Give x(-1).
0
Let y(j) be the second derivative of j**5/20 + 5*j**4/12 - 4*j**3/3 - j**2 - 55*j. Determine y(-6).
10
Let j(h) = -h**2 - 3*h - 1. Let q = -29 + 23. Determine j(q).
-19
Suppose 438*h - 432*h - 18 = 0. Let y(i) = -2*i**2 - i - 4. Give y(h).
-25
Let v(z) = z**2 - 10*z + 13. Let a(w) = w**2 - 52*w + 619. Let f be a(34). Calculate v(f).
-8
Suppose 4*n + 40 = -2*y, 2*y + 51 = -5*n - y. Suppose 0 = -3*z - 2*l - 25, -4*l = 5*z - l + 42. Let q = z - n. Let t(u) = -u**2 + u + 6. What is t(q)?
6
Let w(k) = 5*k + 5 + 2 - 2 - k**3 - 3*k**2. Let o be w(-4). Let q(g) be the third derivative of g**6/24 + g**4/24 - g**3/6 + 76*g**2 + 3*g. Give q(o).
5
Let j(s) = -s**3 - 3*s**2 - 7*s - 1. Let d(q) = 4*q**3 + 12*q**2 + 26*q + 3. Let l(h) = -6*d(h) - 22*j(h). Give l(-4).
44
Let f = 14 + -11. Suppose f*u - 31 + 1 = 0. Let o = -13 + u. Let a(c) = c**3 + 3*c**2 - 2*c. Determine a(o).
6
Let b(n) = 4*n - n + 3*n**2 - 4*n**2. Let c = -29 + 21. Let k = c + 12. What is b(k)?
-4
Let w(g) = -g**2 + 6*g + 3. Let m be w(6). Suppose 3*p - m = -2*n, 0 = -5*p + 2 + 3. Let t(i) = -2*i**2 - 2*i + 3*i**2 - 1 - 7*i**2 + n*i. Determine t(-1).
-5
Let k(o) = 2*o - 45. Let b be k(23). Let q(i) = -1 - 7*i + 4 - 2. Determine q(b).
-6
Let o(a) be the second derivative of -13*a**3/6 + a**2/2 + 123*a. Suppose -2 - 2 = -4*w. Calculate o(w).
-12
Let m(g) be the third derivative of g**6/120 + 7*g**5/60 + g**4/3 + 13*g**3/6 + 6*g**2. Give m(-6).
1
Let s(z) = 2*z**2 + 8*z + 5. Let q be (-2 + (-5 - -12))/(-1). Determine s(q).
15
Let d = 851 - 842. Let n(k) be the third derivative of -1/60*k**5 + d*k**2 - 1/3*k**3 + 0*k + 0 + 1/6*k**4. What is n(2)?
2
Let z(d) = -2 + 12 + 0 - 2*d + 9. Give z(0).
19
Let w(c) = -2*c**2 - 18*c - 5. Let q(j) = -2*j**2 + 44*j - 88. Let r be q(20). Determine w(r).
11
Let w = 55 - 45. Suppose 0 = 3*x + 2*x - w. Let y(a) = -a**3 + 2*a**2 + 3*a - 3. Calculate y(x).
3
Let p(y) = -5*y**3 + 4*y - 2. Let j(a) = -4*